- 5*u = 22. Let x(o) be the second derivative of o**5/20 - o**4/6 + o**3/2 - o**2/2 - 20*o + 15. Calculate x(d).
5
Let m(d) = -2*d - 8 + 0*d - 5*d + d**2. Let z be 84/14 - (-46 + -2). Let w be -9 + 474/z - (-74)/9. Give m(w).
0
Let f be (-4)/2*(-4)/4. Let b(k) = -14*k + f + 0 + 15*k - 3. Suppose -5*t + 0 = -5*s + 15, -3*s = 2*t - 14. Determine b(s).
3
Suppose -24 = 4*f - 4*h, -54 = 7*f + 2*h - 66. Let b(i) be the third derivative of -23*i**2 + 1/60*i**5 + f - i**3 + 0*i + 7/24*i**4. Calculate b(-7).
-6
Let b(i) = 2*i + i + 0*i + 160 - 166 + 3*i - i**2. Let q = 24 - 35. Let h = 15 + q. Give b(h).
2
Let l = -14 - -23. Let d = l - 7. Let a(j) = 13*j**2 + 8*j - 5. Let c(q) = -16*q**2 - 11*q + 6. Let w(i) = 3*a(i) + 2*c(i). Give w(d).
29
Let p(t) be the third derivative of 0 - 1/6*t**4 + 0*t + 4*t**2 - 1/6*t**3. Let g = -700 + 702. Give p(g).
-9
Suppose -13*x + 100 = 12*x. Suppose -x*r + 9 = 29. Let c(s) = -s + 1. Calculate c(r).
6
Let f(v) = 4*v - 4. Let w(o) = -2*o**2 + 15*o - 16. Let s be w(6). Suppose s*a = 7*a + 2*u + 17, -11 = 2*a + 5*u. Calculate f(a).
-16
Let s(y) = -26*y + 43. Let t(x) be the first derivative of -5*x**2/2 + 8*x + 79. Let u(a) = 2*s(a) - 11*t(a). Determine u(5).
13
Let l = 43 - 40. Suppose -g - 13 = -2*w, -w - l*g = -5 + 2. Let n be (-16 + w)*2/5. Let x(f) = f + 5. What is x(n)?
1
Let c(d) = -9 - 886*d**2 - 35*d + 887*d**2 + 42*d. What is c(-6)?
-15
Let n(z) = -6*z + 33. Let y be n(5). Let p(w) = -42*w**2 + 7*w**y + 1 - 36*w**2 + 77*w**2. Give p(1).
7
Suppose 4*v - 5*v = -6. Let y(r) = 3*r**2 + 11*r - 6. Let x(a) = -5*a**2 - 13*a + 5. Let o(q) = -2*x(q) - 3*y(q). What is o(v)?
2
Suppose n - 6 = -2. Let d(b) = 3 - 2 + 7*b + 0 - n - 6*b. Calculate d(7).
4
Let g(r) = -16*r**3 + 55*r**2 - 61*r - 51. Let x(d) = 61*d**2 - 72*d**2 + 4*d + 8*d + 10 + 3*d**3. Let h(s) = -2*g(s) - 11*x(s). What is h(10)?
-8
Let k(r) be the first derivative of 15*r**2/2 + 121*r - 61. Let t be k(-8). Let p(n) = 3*n**3 + n**3 + 0 - n**2 + 1. Calculate p(t).
4
Let b(j) = 9*j + 4 + 1 - 9*j + j - 5*j + j**2. Let g(x) = -x**2 - 5*x + 6. Let t be g(-5). Let p be (-9)/t*(-8)/3. Determine b(p).
5
Let m(u) be the first derivative of -u**2/2 - 38*u - 9198. What is m(-8)?
-30
Let h(l) = -l + 12*l - 6 - 8*l - 9 - 6*l. Give h(0).
-15
Let u(x) = -5*x**2 + 4*x + 3. Suppose 0 = 29*y - 38*y + 90. Let n be (36/45)/((-4)/y). What is u(n)?
-25
Let x(t) be the first derivative of 4*t**3/3 - t**2/2 - 368. Let u(k) = 8*k**2 - 2*k. Let m = -4 - -1. Let b(v) = m*u(v) + 7*x(v). Give b(2).
14
Let r(l) be the third derivative of l**6/120 - l**5/15 - l**4/4 + l**3/3 - 7*l**2. Let s = 1324 + -1319. Give r(s).
-3
Let j be 4/(-3)*(0 - 6). Suppose 3*m + 3*s = -6, -3*s = -m + 2*s - j. Let t(q) = -q**3 - 53*q**2 - 3*q + 0*q + 48*q**2. Determine t(m).
-9
Let b = -1256 - -1257. Let m(i) = -3*i**2 + 1 - 5*i**2 + 22*i**2 - i. Give m(b).
14
Let h(x) = 24*x - 4050 + 2033 + 1970 - 3*x**2 + x**2 + x**2. Determine h(22).
-3
Let w(z) = -z**2 - 57*z - 333. Let d be w(-7). Let h(i) = -i**3 + 19*i**2 - 33*i - 16. Give h(d).
1
Suppose -2*c + 0 = 48. Let j be (c/(-20))/(3/15). Let f(n) = 19*n - 33. Let t(s) = -27*s + 48. Let g(i) = 7*f(i) + 5*t(i). Give g(j).
-3
Let r(z) = 28*z**3 - 420*z**2 + 234*z + 721. Let y(b) = 3*b**3 - 46*b**2 + 26*b + 80. Let v(p) = -4*r(p) + 37*y(p). Give v(-23).
7
Suppose 5*h = -3*l + 182, -5*l - 2*h = 3*h - 290. Let r be 27/l + 10/4. Let o(m) = -3 - 2 + r*m - 2*m. What is o(6)?
1
Let x(d) be the third derivative of 0*d + 1/8*d**4 + 2*d**2 + 13/6*d**3 + 195 - 1/60*d**5. Determine x(9).
-41
Let y(b) = -b**3 + 10*b**2 - 10*b + 1. Let p be (-2)/(-6) - 224/6. Let o be 23/(11 - 253/22). Let k = p - o. Calculate y(k).
-8
Suppose 13*z - 64 = 45*z. Let j be z/(-11) + 1015/(-77) + 13. Let n(d) = d + 6. Give n(j).
6
Let h(o) = -9*o**2 + 1267*o + 257. Let b be h(141). Let m(s) = -s**3 - 25*s**2 - s - 30. Determine m(b).
-5
Suppose h + 3*p = 3, 190*p - 4 = -3*h + 186*p. Let l(x) = 4*x**2 + 10. Give l(h).
10
Let x = 66753 + -66753. Let v(l) = l**2 - 1. Let p(w) = w + 22. Let u(j) = p(j) + 2*v(j). What is u(x)?
20
Let s(g) be the first derivative of -4*g**3 - 8*g + 1 - 1/4*g**4 - 21/2*g**2. Let w be s(-10). Let h(p) = 3*p**2 - 3*p + 3. Calculate h(w).
9
Suppose -n = w, -4*w + 4*n + 7 = -1. Suppose 3*r = 10 - w, -5*i - 5*r + 10 = 0. Let b(q) = 687 + 141*q**2 - 2*q - 688 - 139*q**2. Determine b(i).
3
Let j(z) = -z + 2. Let u be j(5). Let c be (-235)/(-195)*9 + 4/26. Let l(p) = 5*p + c*p - 29*p + 2 + 10*p. Give l(u).
11
Let s(t) = t**3 + 24*t**2 - 21*t - 48. Let d(w) = -4*w**3 - 97*w**2 + 87*w + 191. Let p(c) = 6*d(c) + 25*s(c). Give p(-18).
0
Suppose 54*o - 58*o - 5*c - 31 = 0, -5*o - 49 = -4*c. Let r(d) = d**3 + 9*d**2 + 7. Give r(o).
7
Let h = -48 + 53. Let c(b) = 5 + 2*b - 2*b + h*b - 2*b. Suppose 4*t - 3 + 13 = 2*p, 3*p - 5*t = 15. What is c(p)?
20
Let y(a) be the second derivative of -a**5/20 + a**4/2 - 2*a**3/3 + 3*a**2/2 - 1923*a. Give y(6).
-21
Let x(d) be the second derivative of 0 + 0*d**3 + 4*d + 1/20*d**5 - 1/3*d**4 + 1/2*d**2. Let t be 15/((-360)/16)*18/(-4). What is x(t)?
-8
Let o = 426 - 429. Let h be 14/(-6) + (-16)/o. Let j(c) be the third derivative of -7*c**4/24 - c**3/3 + 3*c**2. What is j(h)?
-23
Let p(u) be the first derivative of 4*u**2 + 42*u + 23. Let h be p(-10). Let b = 43 + h. Let a(g) = -g**2 + 8*g - 4. Calculate a(b).
11
Let k(y) = -790*y - 2368. Let x be k(-3). Let m(a) = -5*a**2 - 28*a + 55. What is m(x)?
-21
Let z(t) = t**3 - 15*t**2 - 18*t + 35. Let p be z(16). Let g(u) be the second derivative of u**3/2 - 3*u**2/2 + 6*u. Determine g(p).
6
Let b(o) = 8*o**2 + 9*o - 40. Let v(j) = 7*j**2 + 8*j - 36. Let k(z) = -6*b(z) + 7*v(z). What is k(5)?
23
Let t(s) = -6*s**2 - 73*s - 11. Let h be t(-12). Let r(y) = 72*y**3 - y**2 + y - 1. Determine r(h).
71
Let n(o) = o**2 - 6*o + 8. Let g(q) = 2*q**2 - 12*q + 16. Let v(s) = 6*g(s) - 13*n(s). Let x be 5/20 + -6 + 215/20. What is v(x)?
-3
Let y(n) = n**3 - 13*n**2 - 28*n - 16. Let b = -5483 - -5498. Determine y(b).
14
Suppose -6*z + 611 - 173 = 0. Let h(k) = 40*k**2 - z*k**2 + 7 + 34*k**2 + 6*k. Let g be h(-2). Let c(i) = 8*i**2 - i. Calculate c(g).
9
Suppose -9*j - 30 = -8*j. Let h be (-2)/15 - 1594/j. Let x = h + -55. Let t(r) = r**2 - r - 2. Determine t(x).
4
Let x(u) = 6*u - 23*u**2 - 7*u**2 + 6*u**2 - 5*u + 3*u + 4. Give x(-1).
-24
Suppose -60*a - 24 = -504. Let s be (-7 - -3)*((-4)/a)/1. Let j(x) = 2*x**3 + 2*x - 1. Calculate j(s).
19
Let p(v) = -7782 + 2589 + v**2 + v**3 + v + 2585 + 2574. Let l be (2 + 0)*1 + -2. Give p(l).
-34
Let n(c) = c - 20. Let h = -2478 + 2499. Calculate n(h).
1
Let r = -1063 + 1060. Let c(o) = -3*o**2 - 2*o - 5. Let k = 22 - 19. Let z(w) = 4*w**2 + w + 6. Let y(l) = k*c(l) + 2*z(l). Determine y(r).
0
Let b(n) = -n**3 + 5*n**2 + 3*n + 3. Let d(r) = 3*r**3 - 13*r**2 - 9*r - 9. Suppose 0 = 5*p - 18*p + 104. Let j(h) = p*b(h) + 3*d(h). Calculate j(-2).
-1
Suppose 0 = 4*h - 2*f - 16, 0 = -8*h + 13*h - 3*f - 19. Let w(r) = 5*r**2 + 6*r. Let p(t) = -9*t**2 - 9*t - 1. Let g(u) = 4*p(u) + 7*w(u). What is g(h)?
1
Let j(z) = 96*z - 214*z - 2*z**2 + 126*z + z**2 - 8. Determine j(7).
-1
Let r(v) = 50*v - 5. Let s be (4 - 48/10)*15/2 - -7. Give r(s).
45
Let i(d) = -d**3 + 15*d**2 + 37*d - 47. Suppose 5*p = -5*m + 75, m - 39*p = -36*p + 23. Give i(m).
4
Let z(y) = 4 - 2 - 4 + 2 - 2 + y. Let h = 6 + 0. Suppose -h = -5*n - 16. Give z(n).
-4
Let j(g) = -g**2 + 7*g - 8. Let d = 137 - 115. Suppose d - 16 = h. Determine j(h).
-2
Let q(l) be the first derivative of -3/2*l**2 - 2*l - 1/3*l**3 - 42. What is q(-5)?
-12
Let i(v) = -v + 16. Suppose -1524 = 157*s - 411*s. Calculate i(s).
10
Let n(h) = -3*h - 7. Let s(r) = r**2 + 23*r + 36. Let i(u) = -6*n(u) - s(u). What is i(-6)?
0
Let f(c) = 5*c - 15. Let v(z) = 4. Let q(p) = -f(p) + 3*v(p). Determine q(6).
-3
Let h(a) = -11*a**2 + 61*a + 25. Let u be h(6). Let j(r) = -17*r - 86. Give j(u).
-1
Let x(i) = -4*i - 4. Let t = 259 + -259. Suppose t = -3*g + 15 - 30. Give x(g).
16
Let k = 97 + -92. Let v(p) = k*p + 108 - 108. What is v(-1)?
-5
Let h(r) = 89. Let w(a) = a + 719. Let s(i) = 17*h(i) - 2*w(i). Determine s(29).
17
Let r(j) = j**2 - 7. Let c be -5*18/(-50)*(-100)/30. Let f(p) = -p**3 - 7*p**2 - 6*p - 6. Let y be f(c). What is r(y)?
29
Let f(i) = -2*i + 3